 2393893
List the prime factors of 7061.
23, 307
What are the prime factors of 6747862?
2, 11, 41, 7481
List the prime factors of 12816496.
2, 7, 11, 101, 103
What are the prime factors of 4736315?
5, 947263
List the prime factors of 1155203.
7, 227, 727
What are the prime factors of 166209?
3, 17, 3259
What are the prime factors of 18026327?
11, 89, 18413
List the prime factors of 422497.
409, 1033
What are the prime factors of 74197?
74197
What are the prime factors of 1663407?
3, 184823
What are the prime factors of 1670894?
2, 43, 19429
What are the prime factors of 73052?
2, 7, 2609
List the prime factors of 257426.
2, 13, 9901
What are the prime factors of 24395470?
2, 5, 11, 463, 479
What are the prime factors of 1975594?
2, 987797
What are the prime factors of 2880551?
31, 92921
List the prime factors of 2022613.
2022613
What are the prime factors of 1719440?
2, 5, 21493
What are the prime factors of 626728?
2, 78341
List the prime factors of 10472135.
5, 19, 110233
What are the prime factors of 25709?
47, 547
What are the prime factors of 59817?
3, 127, 157
List the prime factors of 99173.
99173
What are the prime factors of 1416790?
2, 5, 141679
List the prime factors of 26138329.
7, 443, 8429
What are the prime factors of 592019?
592019
What are the prime factors of 1357758?
2, 3, 75431
List the prime factors of 1304683.
281, 4643
What are the prime factors of 499017?
3, 181, 919
What are the prime factors of 210406?
2, 7, 19, 113
What are the prime factors of 2644915?
5, 7, 13, 5813
List the prime factors of 3714574.
2, 1857287
What are the prime factors of 1910408?
2, 238801
What are the prime factors of 4237751?
7, 605393
What are the prime factors of 760450?
2, 5, 67, 227
List the prime factors of 1598298.
2, 3, 13, 31, 661
What are the prime factors of 1743540?
2, 3, 5, 29059
List the prime factors of 13733568.
2, 3, 113, 211
What are the prime factors of 8679913?
11, 47, 103, 163
List the prime factors of 33040042.
2, 7, 2360003
List the prime factors of 4106914.
2, 7, 293351
List the prime factors of 33607.
7, 4801
What are the prime factors of 228393?
3, 11, 769
What are the prime factors of 11540871?
3, 23, 127, 439
List the prime factors of 513842.
2, 7, 17, 127
List the prime factors of 6382894.
2, 7, 455921
What are the prime factors of 426736?
2, 149, 179
What are the prime factors of 1883299?
11, 19, 9011
List the prime factors of 912892.
2, 228223
List the prime factors of 92152.
2, 11519
What are the prime factors of 30385585?
5, 6077117
What are the prime factors of 12824277?
3, 43, 89, 1117
What are the prime factors of 1817886?
2, 3, 7, 43283
List the prime factors of 1155944.
2, 131, 1103
What are the prime factors of 638114?
2, 319057
What are the prime factors of 6757305?
3, 5, 450487
What are the prime factors of 1177358?
2, 7, 13, 6469
List the prime factors of 4233027.
3, 107, 13187
What are the prime factors of 3813422?
2, 1906711
List the prime factors of 4486884.
2, 3, 79, 4733
List the prime factors of 670805.
5, 134161
What are the prime factors of 212841?
3, 7883
What are the prime factors of 18496?
2, 17
What are the prime factors of 3167744?
2, 23, 269
List the prime factors of 18153420.
2, 3, 5, 29, 10433
List the prime factors of 427784.
2, 7, 7639
What are the prime factors of 1506527?
11, 151, 907
What are the prime factors of 1280946?
2, 3, 213491
List the prime factors of 4990790.
2, 5, 7, 83, 859
List the prime factors of 103776.
2, 3, 23, 47
List the prime factors of 29046342.
2, 3, 13, 29, 12841
What are the prime factors of 4864282?
2, 73, 33317
List the prime factors of 177523.
113, 1571
List the prime factors of 5801242.
2, 2900621
What are the prime factors of 22457?
17, 1321
What are the prime factors of 553306?
2, 13, 1637
List the prime factors of 1973472.
2, 3, 61, 337
List the prime factors of 55888.
2, 7, 499
List the prime factors of 413062.
2, 13, 15887
List the prime factors of 1808876.
2, 19, 23801
List the prime factors of 2709777.
3, 7, 129037
What are the prime factors of 20908695?
3, 5, 1393913
What are the prime factors of 74698?
2, 13, 17
What are the prime factors of 940183?
940183
What are the prime factors of 8344998?
2, 3, 23, 6719
What are the prime factors of 384393?
3, 37, 3463
List the prime factors of 540317.
397, 1361
What are the prime factors of 7628109?
3, 2542703
List the prime factors of 980298.
2, 3, 11, 4951
What are the prime factors of 660286?
2, 11, 30013
List the prime factors of 207733.
43, 4831
What are the prime factors of 22660725?
3, 5, 302143
List the prime factors of 36865489.
5087, 7247
What are the prime factors of 41404312?
2, 59, 87721
What are the prime factors of 1480335?
3, 5, 98689
What are the prime factors of 4583190?
2, 3, 5, 37, 4129
List the prime factors of 1320025.
5, 7, 19, 397
List the prime factors of 1169531.
11, 106321
List the prime factors of 23799527.
23799527
List the prime factors of 5726056.
2, 7, 102251
What are the prime factors of 55535?
5, 29, 383
List the prime factors of 9824308.
2, 13, 14533
What are the prime factors of 7492867?
7492867
What are the prime factors of 6819996?
2, 3, 547, 1039
What are the prime factors of 10424553?
3, 17, 47, 4349
List the prime factors of 423917.
13, 32609
List the prime factors of 219850.
2, 5, 4397
What are the prime factors of 18113?
59, 307
What are the prime factors of 2892428?
2, 7, 11, 9391
List the prime factors of 35417885.
5, 17, 269, 1549
List the prime factors of 317806.
2, 131, 1213
What are the prime factors of 7865060?
2, 5, 7, 56179
What are the prime factors of 6121913?
7, 101, 1237
List the prime factors of 9910120.
2, 5, 11, 101, 223
List the prime factors of 2761919.
79, 34961
List the prime factors of 2912631.
3, 970877
List the prime factors of 7858762.
2, 79, 49739
List the prime factors of 1130901.
3, 173, 2179
List the prime factors of 3423173.
13, 19, 13859
What are the prime factors of 238104?
2, 3, 3307
List the prime factors of 57616.
2, 13, 277
What are the prime factors of 3294463?
31, 106273
What are the prime factors of 916607?
131, 6997
List the prime factors of 6455182.
2, 67, 719
List the prime factors of 15364122.
2, 3, 19, 307, 439
What are the prime factors of 2094355?
5, 418871
List the prime factors of 53130.
2, 3, 5, 7, 11, 23
List the prime factors of 4562761.
7, 631, 1033
List the prime factors of 43203.
3, 14401
List the prime factors of 28975910.
2, 5, 1061, 2731
List the prime factors of 1049091.
3, 349697
List the prime factors of 1019447.
11, 13, 7129
List the prime factors of 129631.
129631
What are the prime factors of 2566503?
3, 199, 1433
What are the prime factors of 1953126?
2, 3, 7, 5167
List the prime factors of 2129277.
3, 647, 1097
What are the prime factors of 193398?
2, 3, 32233
What are the prime factors of 3475632?
2, 3, 19, 37, 103
List the prime factors of 383887.
7, 173, 317
What are the prime factors of 2652956?
2, 663239
What are the prime factors of 16166701?
19, 850879
What are the prime factors of 1077597?
3, 107, 373
List the prime factors of 1152378.
2, 3, 73, 877
What are the prime factors of 148089?
3, 49363
What are the prime factors of 149435?
5, 11, 13, 19
List the prime factors of 213351.
3, 19, 197
What are the prime factors of 2900084?
2, 11, 19, 3469
List the prime factors of 2296440.
2, 3, 5, 6379
What are the prime factors of 1260751?
1260751
What are the prime factors of 16089920?
2, 5, 7, 11, 653
List the prime factors of 7216626.
2, 3, 1202771
What are the prime factors of 1505860?
2, 5, 17, 43, 103
What are the prime factors of 355513?
355513
List the prime factors of 251253.
3, 27917
List the prime factors of 1215405.
3, 5, 3001
List the prime factors of 155877.
3, 223, 233
List the prime factors of 8713332.
2, 3, 26893
What are the prime factors of 3352602?
2, 3, 11, 79, 643
List the prime factors of 899415.
3, 5, 11, 23, 79
List the prime factors of 3505786.
2, 1752893
What are the prime factors of 2335346?
2, 13, 89821
List the prime factors of 1523516.
2, 380879
What are the prime factors of 1238123?
127, 9749
List the prime factors of 3049827.
3, 11, 92419
List the prime factors of 28493.
28493
What are the prime factors of 1324172?
2, 331043
What are the prime factors of 362372?
2